.
159
Calculate the greatest common divisor of 585 and 4560.
15
What is the greatest common divisor of 32 and 16976?
16
What is the greatest common divisor of 4779 and 15399?
531
Calculate the greatest common divisor of 79 and 59.
1
What is the highest common factor of 24620 and 5380?
20
Calculate the highest common factor of 490 and 47285.
245
Calculate the highest common factor of 35 and 3940265.
35
What is the highest common factor of 422850 and 550?
50
What is the greatest common divisor of 22 and 11779?
1
Calculate the highest common factor of 3260 and 25265.
815
What is the highest common divisor of 80 and 97640?
40
What is the highest common factor of 173067 and 75?
3
Calculate the greatest common divisor of 128 and 14528.
64
What is the highest common factor of 9196 and 91476?
484
Calculate the highest common divisor of 22650 and 425.
25
What is the greatest common divisor of 9960 and 150230?
830
What is the highest common factor of 495 and 66165?
165
Calculate the greatest common divisor of 168 and 442596.
84
Calculate the highest common factor of 5064 and 46209.
633
What is the greatest common factor of 38427 and 21?
3
Calculate the greatest common factor of 158818 and 1078.
22
What is the greatest common divisor of 79825 and 481525?
2575
What is the greatest common divisor of 94 and 6311677?
47
What is the highest common factor of 210 and 800?
10
What is the highest common divisor of 18434 and 715?
13
What is the highest common divisor of 20695 and 5?
5
What is the greatest common divisor of 422410 and 1590?
530
Calculate the highest common factor of 38 and 289959.
19
Calculate the highest common divisor of 92421 and 117.
9
What is the highest common divisor of 516406 and 22?
22
What is the greatest common factor of 53775 and 50?
25
Calculate the greatest common divisor of 12800 and 850.
50
Calculate the highest common divisor of 3600 and 67104.
144
What is the highest common factor of 10683 and 5283?
9
What is the highest common divisor of 502 and 274343?
251
What is the greatest common divisor of 14504 and 2960?
296
Calculate the greatest common divisor of 711 and 54194.
79
What is the highest common divisor of 57 and 215954?
19
Calculate the greatest common factor of 45 and 21891.
3
Calculate the greatest common factor of 3401 and 38.
19
What is the greatest common factor of 6 and 1036956?
6
What is the greatest common divisor of 171 and 2037693?
57
Calculate the highest common factor of 94732 and 176.
44
What is the highest common divisor of 17 and 9469?
17
What is the highest common divisor of 9 and 146358?
9
Calculate the greatest common factor of 212397 and 2988.
249
Calculate the greatest common factor of 3960 and 1808.
8
What is the highest common factor of 295 and 198240?
295
Calculate the greatest common factor of 733410 and 90.
90
Calculate the greatest common factor of 6 and 26646.
6
What is the greatest common divisor of 69053 and 7634?
347
What is the greatest common factor of 415 and 15604?
83
What is the highest common factor of 2896 and 39120?
16
Calculate the greatest common divisor of 99031 and 131053.
593
Calculate the greatest common divisor of 277 and 66.
1
What is the greatest common divisor of 68271 and 63?
21
Calculate the greatest common factor of 15272 and 552.
184
What is the highest common divisor of 82 and 19224?
2
Calculate the highest common factor of 95805 and 170.
5
What is the highest common divisor of 21 and 90267?
3
Calculate the highest common divisor of 15428 and 84.
28
What is the highest common factor of 6770175 and 75?
75
What is the highest common divisor of 1017 and 1584?
9
What is the highest common factor of 2961065 and 1005?
335
Calculate the highest common factor of 23 and 92161.
23
Calculate the greatest common factor of 42151 and 1098.
61
Calculate the highest common divisor of 217 and 3317.
31
Calculate the highest common factor of 18 and 296874.
18
Calculate the highest common divisor of 175287 and 238.
119
What is the greatest common divisor of 756 and 1590876?
252
What is the highest common factor of 24555 and 705?
15
What is the greatest common divisor of 670 and 40?
10
Calculate the greatest common divisor of 18 and 72486.
18
Calculate the greatest common factor of 221112 and 2331.
333
What is the highest common divisor of 79456 and 4?
4
What is the greatest common divisor of 519 and 2718?
3
Calculate the highest common factor of 192 and 40578.
6
What is the highest common factor of 26560 and 10880?
320
What is the highest common divisor of 10742 and 20582?
82
Calculate the highest common factor of 309 and 193125.
309
Calculate the greatest common divisor of 139555 and 2755.
95
Calculate the highest common divisor of 29570 and 370.
10
Calculate the highest common factor of 6813 and 45.
9
What is the greatest common factor of 87756 and 24?
12
Calculate the highest common factor of 100440 and 54.
54
Calculate the greatest common divisor of 4922 and 72439.
107
What is the greatest common divisor of 528 and 7848?
24
Calculate the greatest common factor of 759969 and 126.
63
Calculate the highest common factor of 4120 and 812258.
206
What is the greatest common divisor of 5748 and 408?
12
What is the highest common factor of 84 and 49448?
28
What is the highest common divisor of 215 and 1060?
5
What is the highest common factor of 535 and 1532989?
107
Calculate the highest common factor of 4335 and 110109.
867
What is the highest common divisor of 1 and 7573?
1
What is the greatest common divisor of 297 and 11995236?
297
Calculate the greatest common factor of 2937250 and 1550.
1550
Calculate the greatest common divisor of 589 and 97867.
31
What is the greatest common divisor of 240108 and 1926?
642
What is the greatest common divisor of 21027 and 2709?
129
Calculate the highest common divisor of 3856 and 4688.
16
Calculate the greatest common divisor of 828 and 50508.
828
Calculate the highest common divisor of 114 and 21470.
38
Calculate the greatest common factor of 111 and 47693.
37
Calculate the greatest common factor of 291973 and 95.
19
What is the highest common factor of 1298 and 10502?
118
What is the greatest common factor of 655 and 23449?
131
What is the greatest common divisor of 214695 and 91?
13
Calculate the greatest common divisor of 216 and 311877.
27
What is the highest common divisor of 441 and 90069?
21
Calculate the highest common factor of 276 and 53064.
12
What is the greatest common divisor of 147296 and 96?
32
Calculate the highest common factor of 162320 and 1840.
80
What is the greatest common factor of 2837718 and 1206?
1206
What is the greatest common divisor of 547228 and 44?
44
What is the greatest common divisor of 29466 and 270?
18
What is the greatest common factor of 26010 and 846?
18
Calculate the greatest common factor of 38880 and 6588.
108
What is the greatest common factor of 11707 and 368?
23
Calculate the highest common divisor of 39 and 22428.
3
What is the greatest common factor of 10626 and 184?
46
Calculate the greatest common factor of 3017231 and 287.
287
What is the greatest common factor of 7396 and 52?
4
Calculate the highest common divisor of 1365 and 53053.
91
What is the greatest common factor of 328 and 696?
8
What is the highest common factor of 13041 and 2093?
161
Calculate the highest common divisor of 998483 and 9084.
757
What is the highest common divisor of 395 and 50735?
5
What is the highest common factor of 94 and 33323?
47
Calculate the highest common divisor of 10224 and 2502.
18
Calculate the highest common factor of 65 and 68757.
13
What is the greatest common factor of 107380 and 236?
236
Calculate the highest common divisor of 25425 and 30.
15
What is the highest common divisor of 302835 and 9555?
195
Calculate the greatest common factor of 539 and 44275.
77
Calculate the greatest common factor of 105912 and 360.
72
Calculate the greatest common divisor of 16465 and 62789.
37
What is the highest common factor of 3275 and 43623?
131
Calculate the greatest common factor of 2585095 and 1010.
505
Calculate the greatest common factor of 351 and 7293.
39
What is the greatest common divisor of 27030 and 51?
51
What is the greatest common divisor of 274 and 6026904?
274
What is the highest common factor of 43380 a